{"id":283,"date":"2026-01-04T17:47:17","date_gmt":"2026-01-04T16:47:17","guid":{"rendered":"https:\/\/happyhens.be\/?post_type=product&#038;p=283"},"modified":"2026-01-08T12:11:30","modified_gmt":"2026-01-08T11:11:30","slug":"filets-danchois-a-lhuile-dolive","status":"publish","type":"product","link":"https:\/\/happyhens.be\/index.php\/product\/filets-danchois-a-lhuile-dolive\/","title":{"rendered":"Filets d&#8217;anchois \u00e0 l&#8217;huile d&#8217;olive"},"content":{"rendered":"<p><strong><a href=\"https:\/\/happyhens.be\/wp-content\/uploads\/2026\/01\/NONNO-PEPPINO_2023_Filetti-di-acciughe-all-olio-EVO-Bio_160g-1.pdf\">Pour plus de d\u00e9tails sur le produit, cliquez ici.<\/a><\/strong><\/p>\n<p>Les filets d\u2019ANCHOIS \u00e0 l&#8217;huile d&#8217;olive extra vierge bio sont produits et conditionn\u00e9s<br \/>\npar Peppino Brunetto S.r.l., Viale Sant&#8217;Isidoro 33, 90011 Aspra PA. Les conserves<br \/>\nsont scrupuleusement \u00e9labor\u00e9es dans le respect de la m\u00e9thode artisanale transmise<br \/>\ndepuis trois g\u00e9n\u00e9rations et de toutes les r\u00e9glementations en vigueur en mati\u00e8re de<br \/>\np\u00eache, transformation et conservation du poisson. L\u2019entreprise Peppino Brunetto<br \/>\nposs\u00e8de une exp\u00e9rience professionnelle notable de plus de cent ans. Le respect de<br \/>\nla mer et de ses traditions, le contact direct avec les clients, mais aussi avec les<br \/>\nfournisseurs et les salari\u00e9s font partie des fondements de l\u2019entreprise.<br \/>\nConditionnement : pot en verre transparent de 167cc type &#8220;bont\u00e9&#8221; avec fermeture et<br \/>\ncapsule type &#8220;TWIST &#8211; OFF&#8221;. Poids net 160 g. Poids \u00e9goutt\u00e9 88 g.<br \/>\nIngr\u00e9dients : ANCHOIS (55%) Engraulis Encrasicolus, huile d\u2019olive vierge extra*, sel<br \/>\nmarin entier, * issu de l\u2019agriculture biologique (46%).<br \/>\nOrigine des mati\u00e8res premi\u00e8res : ANCHOIS p\u00each\u00e9s sur les c\u00f4tes siciliennes de la<br \/>\nmer m\u00e9diterran\u00e9e (37.1.3 &#8211; 37.2.2) avec des filets tournants.<br \/>\nAllerg\u00e8nes : ANCHOIS.<br \/>\nCaract\u00e9ristiques organoleptiques:<br \/>\nAspect : filets d\u2019anchois charnus, \u00e0 chair ferme, ni trop molle ni<br \/>\nexcessivement turgescente et\/ou fibreuse. Absence de queue, de nageoires<br \/>\ndorsales, d&#8217;entrailles et de caillots sanguins. Pr\u00e9sence de peau ne d\u00e9passant pas<br \/>\n5% du filet.<br \/>\nCouleur : chair rose-rouge\u00e2tre uniforme (au moins 90% de la surface<br \/>\nint\u00e9rieure). Absence de filets de couleur verd\u00e2tre ou excessivement bruns ou gris.<br \/>\nAr\u00f4me : intense, caract\u00e9ristique d&#8217;un anchois mature.<br \/>\nGo\u00fbt : saveur forte et persistante caract\u00e9ristique d&#8217;un anchois mature.<br \/>\nValeurs nutritionnelles : voir le tableau sur l\u2019\u00e9tiquette.<br \/>\nM\u00e9thode de conservation : conserver dans un endroit frais et sec \u00e0 une temp\u00e9rature<br \/>\ninf\u00e9rieure \u00e0 15 \u00b0C. Les anchois ont un processus de maturation enzymatique naturel<br \/>\nqui s&#8217;acc\u00e9l\u00e8re par temps chaud et ralenti par temps froid. En \u00e9t\u00e9 ou \u00e0 des<br \/>\ntemp\u00e9ratures ambiantes sup\u00e9rieures \u00e0 25 \u00b0C, bien que le pot soit ferm\u00e9, les anchois<br \/>\ndoivent \u00eatre conserv\u00e9s au r\u00e9frig\u00e9rateur.<\/p>\n<p>&nbsp;<\/p>\n<p>Nos produits \u00e9tant fabriqu\u00e9s de mani\u00e8re artisanale et en petites quantit\u00e9s, ils peuvent subir de l\u00e9gers changements dans la recette ou au niveau de l\u2019emballage. La photo est purement indicative et ne peut refl\u00e9ter toutes les caract\u00e9ristiques du produit.<br \/>\nPour davantage d&#8217;informations sur ce produit, faire d\u00e9filer la page vers le bas.<\/p>\n","protected":false},"excerpt":{"rendered":"<h1>extra vierge bio &#8211; 160 g<\/h1>\n","protected":false},"featured_media":284,"template":"","meta":[],"product_brand":[],"product_cat":[50],"product_tag":[],"class_list":{"0":"post-283","1":"product","2":"type-product","3":"status-publish","4":"has-post-thumbnail","6":"product_cat-produits-en-conserves","8":"first","9":"instock","10":"shipping-taxable","11":"purchasable","12":"product-type-variable"},"_links":{"self":[{"href":"https:\/\/happyhens.be\/index.php\/wp-json\/wp\/v2\/product\/283","targetHints":{"allow":["GET"]}}],"collection":[{"href":"https:\/\/happyhens.be\/index.php\/wp-json\/wp\/v2\/product"}],"about":[{"href":"https:\/\/happyhens.be\/index.php\/wp-json\/wp\/v2\/types\/product"}],"wp:featuredmedia":[{"embeddable":true,"href":"https:\/\/happyhens.be\/index.php\/wp-json\/wp\/v2\/media\/284"}],"wp:attachment":[{"href":"https:\/\/happyhens.be\/index.php\/wp-json\/wp\/v2\/media?parent=283"}],"wp:term":[{"taxonomy":"product_brand","embeddable":true,"href":"https:\/\/happyhens.be\/index.php\/wp-json\/wp\/v2\/product_brand?post=283"},{"taxonomy":"product_cat","embeddable":true,"href":"https:\/\/happyhens.be\/index.php\/wp-json\/wp\/v2\/product_cat?post=283"},{"taxonomy":"product_tag","embeddable":true,"href":"https:\/\/happyhens.be\/index.php\/wp-json\/wp\/v2\/product_tag?post=283"}],"curies":[{"name":"wp","href":"https:\/\/api.w.org\/{rel}","templated":true}]}}