{"id":269,"date":"2026-01-04T17:21:17","date_gmt":"2026-01-04T16:21:17","guid":{"rendered":"https:\/\/happyhens.be\/?post_type=product&#038;p=269"},"modified":"2026-01-04T18:02:50","modified_gmt":"2026-01-04T17:02:50","slug":"amandes-caramelisees-a-la-cannelle","status":"publish","type":"product","link":"https:\/\/happyhens.be\/index.php\/product\/amandes-caramelisees-a-la-cannelle\/","title":{"rendered":"Amandes caram\u00e9lis\u00e9es \u00e0 la cannelle"},"content":{"rendered":"<p><a href=\"https:\/\/happyhens.be\/wp-content\/uploads\/2026\/01\/LARCOLAIO_2023_-Mandorle-di-Sicilia-tostate-pralinate_100g-1-1.pdf\">Pour plus de d\u00e9tails sur le produit, cliquez ici.<\/a><\/p>\n<p>Les amandes siciliennes grill\u00e9es et caram\u00e9lis\u00e9es sont produites par la coop\u00e9rative sociale L\u2019Arcolaio, au sein du laboratoire de la prison de Syracuse.<br \/>\nAmandes calibr\u00e9es et grill\u00e9es, recouvertes de sucre de canne caram\u00e9lis\u00e9. Les<br \/>\namandes caram\u00e9lis\u00e9es sont de v\u00e9ritables d\u00e9lices croquants \u00e0 garder \u00e0 port\u00e9e de main pour rendre plus douces vos pauses du quotidien.<br \/>\nL\u2019utilisation exclusive du sucre de canne les rend d\u00e9licates et jamais \u00e9coeurantes.<br \/>\nConditionnement : sachet de 100 g.<br \/>\nIngr\u00e9dients : AMANDES* 67%, sucre de canne*\u00b0. *issu de l\u2019agriculture biologique,<br \/>\n\u00b0ingr\u00e9dient du commerce \u00e9quitable.<br \/>\nOrigine des mati\u00e8res premi\u00e8res : AMANDES : Sicile, Sucre : Am\u00e9rique Latine.<br \/>\nAdditifs : le produit est exempt d\u2019additifs de toute nature.<br \/>\nAllerg\u00e8nes : AMANDES. Peut contenir des traces de s\u00e9same, d\u2019\u0153ufs et d\u2019autres<br \/>\nfruits \u00e0 coque.<br \/>\nValeurs nutritionnelles : voir tableau sur l\u2019\u00e9tiquette.<br \/>\nM\u00e9thode de conservation : Conserver dans un endroit frais et sec.<\/p>\n<p>&nbsp;<\/p>\n<p>Nos produits \u00e9tant fabriqu\u00e9s de mani\u00e8re artisanale et en petites quantit\u00e9s, ils peuvent subir de l\u00e9gers changements dans la recette ou au niveau de l\u2019emballage. La photo est purement indicative et ne peut refl\u00e9ter toutes les caract\u00e9ristiques du produit.<br \/>\nPour davantage d&#8217;informations sur ce produit, faire d\u00e9filer la page vers le bas.<\/p>\n","protected":false},"excerpt":{"rendered":"<h1>siciliennes grill\u00e9es et caram\u00e9lis\u00e9es &#8211; 100 g.<\/h1>\n","protected":false},"featured_media":270,"template":"","meta":[],"product_brand":[],"product_cat":[49],"product_tag":[],"class_list":{"0":"post-269","1":"product","2":"type-product","3":"status-publish","4":"has-post-thumbnail","6":"product_cat-fruits-secs","8":"first","9":"instock","10":"shipping-taxable","11":"purchasable","12":"product-type-variable"},"_links":{"self":[{"href":"https:\/\/happyhens.be\/index.php\/wp-json\/wp\/v2\/product\/269","targetHints":{"allow":["GET"]}}],"collection":[{"href":"https:\/\/happyhens.be\/index.php\/wp-json\/wp\/v2\/product"}],"about":[{"href":"https:\/\/happyhens.be\/index.php\/wp-json\/wp\/v2\/types\/product"}],"wp:featuredmedia":[{"embeddable":true,"href":"https:\/\/happyhens.be\/index.php\/wp-json\/wp\/v2\/media\/270"}],"wp:attachment":[{"href":"https:\/\/happyhens.be\/index.php\/wp-json\/wp\/v2\/media?parent=269"}],"wp:term":[{"taxonomy":"product_brand","embeddable":true,"href":"https:\/\/happyhens.be\/index.php\/wp-json\/wp\/v2\/product_brand?post=269"},{"taxonomy":"product_cat","embeddable":true,"href":"https:\/\/happyhens.be\/index.php\/wp-json\/wp\/v2\/product_cat?post=269"},{"taxonomy":"product_tag","embeddable":true,"href":"https:\/\/happyhens.be\/index.php\/wp-json\/wp\/v2\/product_tag?post=269"}],"curies":[{"name":"wp","href":"https:\/\/api.w.org\/{rel}","templated":true}]}}