{"id":238,"date":"2026-01-04T16:16:11","date_gmt":"2026-01-04T15:16:11","guid":{"rendered":"https:\/\/happyhens.be\/?post_type=product&#038;p=238"},"modified":"2026-01-08T13:07:14","modified_gmt":"2026-01-08T12:07:14","slug":"kumquat","status":"publish","type":"product","link":"https:\/\/happyhens.be\/index.php\/product\/kumquat\/","title":{"rendered":"KUMQUAT"},"content":{"rendered":"<div><b>KUMQUAT ou MANDARINES CHINOISES\u00a0<\/b><\/div>\n<p>&nbsp;<\/p>\n<div>Bien plus petites que les mandarines communes, les kumquat sont riches en huiles essentielles et dot\u00e9s de propri\u00e9t\u00e9s anti tumorales. La particularit\u00e9 de ce fruit est qu\u2019il se mange tout entier, avec la peau. La pulpe est assez \u00e2pre alors que la peau est tr\u00e8s douce et cela cr\u00e9e une harmonie parfaite en bouche ! Ils sont parfaits confits et pour confectionner confitures, compotes ou mac\u00e9doines. On peut aussi les faire infuser dans de l\u2019alcool et du sucre et les filtrer pour pr\u00e9parer un bon digestif.<br \/>\nComme nous n&#8217;en poss\u00e8dons que de petites quantit\u00e9s, ils sont souvent demand\u00e9s et pas toujours disponibles. Il est n\u00e9cessaire d\u2019en d\u00e9velopper la production au sein du Consortium.<br \/>\n<u>P\u00e9riode de r\u00e9colte<\/u>\u00a0: JANVIER et F\u00c9VRIER<\/div>\n<div><\/div>\n<div>Nos produits \u00e9tant fabriqu\u00e9s de mani\u00e8re artisanale et en petites quantit\u00e9s, ils peuvent subir de l\u00e9gers changements dans la recette ou au niveau de l\u2019emballage. La photo est purement indicative et ne peut refl\u00e9ter toutes les caract\u00e9ristiques du produit.<br \/>\nPour davantage d&#8217;informations sur ce produit, faire d\u00e9filer la page vers le bas.<\/div>\n","protected":false},"excerpt":{"rendered":"<h1>ou mandarines chinoises Origine Italie cat\u00e9gorie II &#8211; caisse de 4 kg.<\/h1>\n","protected":false},"featured_media":240,"template":"","meta":[],"product_brand":[],"product_cat":[46],"product_tag":[],"class_list":{"0":"post-238","1":"product","2":"type-product","3":"status-publish","4":"has-post-thumbnail","6":"product_cat-agrumes","8":"first","9":"instock","10":"shipping-taxable","11":"purchasable","12":"product-type-variable"},"_links":{"self":[{"href":"https:\/\/happyhens.be\/index.php\/wp-json\/wp\/v2\/product\/238","targetHints":{"allow":["GET"]}}],"collection":[{"href":"https:\/\/happyhens.be\/index.php\/wp-json\/wp\/v2\/product"}],"about":[{"href":"https:\/\/happyhens.be\/index.php\/wp-json\/wp\/v2\/types\/product"}],"wp:featuredmedia":[{"embeddable":true,"href":"https:\/\/happyhens.be\/index.php\/wp-json\/wp\/v2\/media\/240"}],"wp:attachment":[{"href":"https:\/\/happyhens.be\/index.php\/wp-json\/wp\/v2\/media?parent=238"}],"wp:term":[{"taxonomy":"product_brand","embeddable":true,"href":"https:\/\/happyhens.be\/index.php\/wp-json\/wp\/v2\/product_brand?post=238"},{"taxonomy":"product_cat","embeddable":true,"href":"https:\/\/happyhens.be\/index.php\/wp-json\/wp\/v2\/product_cat?post=238"},{"taxonomy":"product_tag","embeddable":true,"href":"https:\/\/happyhens.be\/index.php\/wp-json\/wp\/v2\/product_tag?post=238"}],"curies":[{"name":"wp","href":"https:\/\/api.w.org\/{rel}","templated":true}]}}